{"id":509,"date":"2017-03-08T17:19:48","date_gmt":"2017-03-08T15:19:48","guid":{"rendered":"http:\/\/www.fabricaathens.gr\/teamwork\/?page_id=509"},"modified":"2023-08-08T17:38:45","modified_gmt":"2023-08-08T14:38:45","slug":"members","status":"publish","type":"page","link":"https:\/\/www.fabricaathens.gr\/teamwork\/members\/","title":{"rendered":"MEMBERS"},"content":{"rendered":"<h4><strong>Members<\/strong><\/h4>\n<h6>Fabrica People<\/h6>\n<p><a href=\"https:\/\/www.fabricaathens.gr\/teamwork\/fanis-katehos\/\">Fanis Katechos<\/a><\/p>\n<p><a href=\"https:\/\/www.fabricaathens.gr\/teamwork\/stefanos-lolos\/\">Stefanos Lolos<\/a><\/p>\n<p><a href=\"https:\/\/www.fabricaathens.gr\/teamwork\/fenia-provelegiou\/\">Fenia Provelegiou<\/a><\/p>\n<p><a href=\"https:\/\/www.fabricaathens.gr\/teamwork\/konstantinos-exarchopoulos\/\">Konstantinos Exarhopoulos<\/a><\/p>\n<p><a href=\"https:\/\/www.fabricaathens.gr\/teamwork\/joanna-michaliadi-sarti\/\">Giovanna Michaliadi Sarti<\/a><\/p>\n<p><a href=\"https:\/\/www.fabricaathens.gr\/teamwork\/natassa-arabatzi-en\/\">Natassa Arabatzi<\/a><\/p>\n<p>Electtra Michaliadi Sarti<\/p>\n<h4>FABRICA COMMUNITY<\/h4>\n<h6>COMMUNICATION<\/h6>\n<p>Martha Koskina<\/p>\n<h6>TECHNICIANS<\/h6>\n<p>Nikos Nikos<\/p>\n<p>Spyros Papadimitriou<\/p>\n<p>Tasos Demoiros<\/p>\n<p>Rizos Tiganis<\/p>\n<p>Vangelis Chirmpilidis<\/p>\n<h6>INTERNSHIP &amp; VOLUNTEERING (2020 \u2013 2023)<\/h6>\n<p>Orlando Gjoni<\/p>\n<p>Katerina Andromeda<\/p>\n<p>Christina Goumourian<\/p>\n<p>Georgina Papadopoulou<\/p>\n<p>Errika Sarri<\/p>\n<p>Sophia Fotinaki<\/p>\n<p>Evangelos Karalis<\/p>\n<p>Mariza Colliniati<\/p>\n<p>Despina Hachouli<\/p>\n<h6>Partners &amp; Collaborating Institutes<\/h6>\n<p>Fondazione Barba Varley<\/p>\n<p>Residui Teatro<\/p>\n<p>Teatro Nucleo<\/p>\n<p>Antagon TheaterAKTION<\/p>\n<p>Mostar Friedensprojekt e.V.<\/p>\n<p>Limit G\u00f6ky\u00fcz\u00fcnde<\/p>\n<p>UrbanDig Project<\/p>\n<p>A.J. Inter<\/p>\n<p>DONE \/ DGJW<\/p>\n<h6>Collaborators<\/h6>\n<p>Kostas Vantzos<\/p>\n<p>George Triantafyllidis<\/p>\n<p>Thanasis Nikolakopoulos<\/p>\n<p>Kostas Tataroglou<\/p>\n<p>Katerina Marquezini<\/p>\n<p>You&#8217;ve been writing<\/p>\n<p>Christos Karasavidis<\/p>\n<p>Michalis Vourkos<\/p>\n<p>Giannis Poulimenos<\/p>\n<p>Charis Papadopoulos<\/p>\n<p>Dimitris Maratsis<\/p>\n<p>Aphrodite Georgiou<\/p>\n<p>Cornilia Hadzicharalambous<\/p>\n<p>Nikos Hortarias<\/p>\n<p>Ousik Khanikian<\/p>\n<p>George Katsis<\/p>\n<p>Stella Diplacheili<\/p>\n<p>Ioanna Iakovidis<\/p>\n<h6>Friends<\/h6>\n<p>Andreas Thomopoulos<\/p>\n<p>Angeliki Bini<\/p>\n<p>Andriana Maltezeanou<\/p>\n<p>Ioanna Arapi<\/p>\n<p>Kyriaki Mitsou<\/p>\n<p>Christina Goumourian<\/p>\n<p>Pavlos Melikidis<\/p>\n<p>Lampros Grammatikos<\/p>\n<p>Giannis Giannakopoulos<\/p>\n<p>Eleftheria Kalampoka<\/p>\n<p>Myrto Vamvaka<\/p>\n<p>Billio Mourgela<\/p>\n<p>Artemis Krionopoulou<\/p>\n<p>Silvana Sarti<\/p>\n<p>Marilena Radou<\/p>\n<p>Stevi Theodosiou<\/p>\n<p>Marialena Priovolou<\/p>\n<p>Vasia Balkaniotis<\/p>\n<p>Petros Gourgiotis<\/p>\n<p>Nikos Polyzos<\/p>\n<p>Markella Antonopoulou<\/p>\n<p>Varvara Giontsari<\/p>\n<p>Georgia Giannakoudis<\/p>\n<p>George Sioulas<\/p>\n<p>Maria Pappa<\/p>\n<p>Malvina Tsiora<\/p>\n<p><strong>The Fabrica Athens Multi-Active Group of Art is an open artistic group whose composition and core are constantly evolving and reshaping.<\/strong><\/p>\n","protected":false},"excerpt":{"rendered":"<p>Members Fabrica People Fanis Katechos Stefanos Lolos Fenia Provelegiou Konstantinos Exarhopoulos Giovanna Michaliadi Sarti Natassa Arabatzi Electtra Michaliadi Sarti FABRICA COMMUNITY COMMUNICATION Martha Koskina TECHNICIANS Nikos Nikos Spyros Papadimitriou Tasos Demoiros Rizos Tiganis Vangelis Chirmpilidis INTERNSHIP &amp; VOLUNTEERING (2020 \u2013 2023) Orlando Gjoni Katerina Andromeda Christina Goumourian Georgina Papadopoulou Errika Sarri Sophia Fotinaki Evangelos Karalis [&hellip;]<\/p>\n","protected":false},"author":1,"featured_media":0,"parent":0,"menu_order":0,"comment_status":"closed","ping_status":"closed","template":"","meta":{"pgc_sgb_lightbox_settings":"","footnotes":""},"class_list":["post-509","page","type-page","status-publish","hentry"],"yoast_head":"<!-- This site is optimized with the Yoast SEO plugin v27.2 - https:\/\/yoast.com\/product\/yoast-seo-wordpress\/ -->\n<title>MEMBERS - \u03a0\u03bf\u03bb\u03c5\u03b4\u03c1\u03b1\u03c3\u03c4\u03b9\u03ba\u03ae \u039f\u03bc\u03ac\u03b4\u03b1 \u03a4\u03ad\u03c7\u03bd\u03b7\u03c2 Fabrica Athens<\/title>\n<meta name=\"robots\" content=\"index, follow, max-snippet:-1, max-image-preview:large, max-video-preview:-1\" \/>\n<link rel=\"canonical\" href=\"https:\/\/www.fabricaathens.gr\/teamwork\/members\/\" \/>\n<meta property=\"og:locale\" content=\"el_GR\" \/>\n<meta property=\"og:type\" content=\"article\" \/>\n<meta property=\"og:title\" content=\"MEMBERS - \u03a0\u03bf\u03bb\u03c5\u03b4\u03c1\u03b1\u03c3\u03c4\u03b9\u03ba\u03ae \u039f\u03bc\u03ac\u03b4\u03b1 \u03a4\u03ad\u03c7\u03bd\u03b7\u03c2 Fabrica Athens\" \/>\n<meta property=\"og:description\" content=\"Members Fabrica People Fanis Katechos Stefanos Lolos Fenia Provelegiou Konstantinos Exarhopoulos Giovanna Michaliadi Sarti Natassa Arabatzi Electtra Michaliadi Sarti FABRICA COMMUNITY COMMUNICATION Martha Koskina TECHNICIANS Nikos Nikos Spyros Papadimitriou Tasos Demoiros Rizos Tiganis Vangelis Chirmpilidis INTERNSHIP &amp; VOLUNTEERING (2020 \u2013 2023) Orlando Gjoni Katerina Andromeda Christina Goumourian Georgina Papadopoulou Errika Sarri Sophia Fotinaki Evangelos Karalis [&hellip;]\" \/>\n<meta property=\"og:url\" content=\"https:\/\/www.fabricaathens.gr\/teamwork\/members\/\" \/>\n<meta property=\"og:site_name\" content=\"\u03a0\u03bf\u03bb\u03c5\u03b4\u03c1\u03b1\u03c3\u03c4\u03b9\u03ba\u03ae \u039f\u03bc\u03ac\u03b4\u03b1 \u03a4\u03ad\u03c7\u03bd\u03b7\u03c2 Fabrica Athens\" \/>\n<meta property=\"article:publisher\" content=\"https:\/\/www.facebook.com\/FabricaAthens\" \/>\n<meta property=\"article:modified_time\" content=\"2023-08-08T14:38:45+00:00\" \/>\n<meta name=\"twitter:card\" content=\"summary_large_image\" \/>\n<meta name=\"twitter:label1\" content=\"\u0395\u03ba\u03c4\u03b9\u03bc\u03ce\u03bc\u03b5\u03bd\u03bf\u03c2 \u03c7\u03c1\u03cc\u03bd\u03bf\u03c2 \u03b1\u03bd\u03ac\u03b3\u03bd\u03c9\u03c3\u03b7\u03c2\" \/>\n\t<meta name=\"twitter:data1\" content=\"2 \u03bb\u03b5\u03c0\u03c4\u03ac\" \/>\n<script type=\"application\/ld+json\" class=\"yoast-schema-graph\">{\"@context\":\"https:\/\/schema.org\",\"@graph\":[{\"@type\":\"WebPage\",\"@id\":\"https:\/\/www.fabricaathens.gr\/teamwork\/members\/\",\"url\":\"https:\/\/www.fabricaathens.gr\/teamwork\/members\/\",\"name\":\"MEMBERS - \u03a0\u03bf\u03bb\u03c5\u03b4\u03c1\u03b1\u03c3\u03c4\u03b9\u03ba\u03ae \u039f\u03bc\u03ac\u03b4\u03b1 \u03a4\u03ad\u03c7\u03bd\u03b7\u03c2 Fabrica Athens\",\"isPartOf\":{\"@id\":\"https:\/\/www.fabricaathens.gr\/teamwork\/#website\"},\"datePublished\":\"2017-03-08T15:19:48+00:00\",\"dateModified\":\"2023-08-08T14:38:45+00:00\",\"breadcrumb\":{\"@id\":\"https:\/\/www.fabricaathens.gr\/teamwork\/members\/#breadcrumb\"},\"inLanguage\":\"el\",\"potentialAction\":[{\"@type\":\"ReadAction\",\"target\":[\"https:\/\/www.fabricaathens.gr\/teamwork\/members\/\"]}]},{\"@type\":\"BreadcrumbList\",\"@id\":\"https:\/\/www.fabricaathens.gr\/teamwork\/members\/#breadcrumb\",\"itemListElement\":[{\"@type\":\"ListItem\",\"position\":1,\"name\":\"Home\",\"item\":\"https:\/\/www.fabricaathens.gr\/teamwork\/team\/\"},{\"@type\":\"ListItem\",\"position\":2,\"name\":\"MEMBERS\"}]},{\"@type\":\"WebSite\",\"@id\":\"https:\/\/www.fabricaathens.gr\/teamwork\/#website\",\"url\":\"https:\/\/www.fabricaathens.gr\/teamwork\/\",\"name\":\"\u03a0\u03bf\u03bb\u03c5\u03b4\u03c1\u03b1\u03c3\u03c4\u03b9\u03ba\u03ae \u039f\u03bc\u03ac\u03b4\u03b1 \u03a4\u03ad\u03c7\u03bd\u03b7\u03c2 Fabrica Athens\",\"description\":\"\u03bc\u03b5 \u039a\u03af\u03bd\u03b7\u03c4\u03c1\u03bf \u03c4\u03b7 \u0394\u03b7\u03bc\u03b9\u03bf\u03c5\u03c1\u03b3\u03af\u03b1\",\"potentialAction\":[{\"@type\":\"SearchAction\",\"target\":{\"@type\":\"EntryPoint\",\"urlTemplate\":\"https:\/\/www.fabricaathens.gr\/teamwork\/?s={search_term_string}\"},\"query-input\":{\"@type\":\"PropertyValueSpecification\",\"valueRequired\":true,\"valueName\":\"search_term_string\"}}],\"inLanguage\":\"el\"}]}<\/script>\n<!-- \/ Yoast SEO plugin. -->","yoast_head_json":{"title":"MEMBERS - \u03a0\u03bf\u03bb\u03c5\u03b4\u03c1\u03b1\u03c3\u03c4\u03b9\u03ba\u03ae \u039f\u03bc\u03ac\u03b4\u03b1 \u03a4\u03ad\u03c7\u03bd\u03b7\u03c2 Fabrica Athens","robots":{"index":"index","follow":"follow","max-snippet":"max-snippet:-1","max-image-preview":"max-image-preview:large","max-video-preview":"max-video-preview:-1"},"canonical":"https:\/\/www.fabricaathens.gr\/teamwork\/members\/","og_locale":"el_GR","og_type":"article","og_title":"MEMBERS - \u03a0\u03bf\u03bb\u03c5\u03b4\u03c1\u03b1\u03c3\u03c4\u03b9\u03ba\u03ae \u039f\u03bc\u03ac\u03b4\u03b1 \u03a4\u03ad\u03c7\u03bd\u03b7\u03c2 Fabrica Athens","og_description":"Members Fabrica People Fanis Katechos Stefanos Lolos Fenia Provelegiou Konstantinos Exarhopoulos Giovanna Michaliadi Sarti Natassa Arabatzi Electtra Michaliadi Sarti FABRICA COMMUNITY COMMUNICATION Martha Koskina TECHNICIANS Nikos Nikos Spyros Papadimitriou Tasos Demoiros Rizos Tiganis Vangelis Chirmpilidis INTERNSHIP &amp; VOLUNTEERING (2020 \u2013 2023) Orlando Gjoni Katerina Andromeda Christina Goumourian Georgina Papadopoulou Errika Sarri Sophia Fotinaki Evangelos Karalis [&hellip;]","og_url":"https:\/\/www.fabricaathens.gr\/teamwork\/members\/","og_site_name":"\u03a0\u03bf\u03bb\u03c5\u03b4\u03c1\u03b1\u03c3\u03c4\u03b9\u03ba\u03ae \u039f\u03bc\u03ac\u03b4\u03b1 \u03a4\u03ad\u03c7\u03bd\u03b7\u03c2 Fabrica Athens","article_publisher":"https:\/\/www.facebook.com\/FabricaAthens","article_modified_time":"2023-08-08T14:38:45+00:00","twitter_card":"summary_large_image","twitter_misc":{"\u0395\u03ba\u03c4\u03b9\u03bc\u03ce\u03bc\u03b5\u03bd\u03bf\u03c2 \u03c7\u03c1\u03cc\u03bd\u03bf\u03c2 \u03b1\u03bd\u03ac\u03b3\u03bd\u03c9\u03c3\u03b7\u03c2":"2 \u03bb\u03b5\u03c0\u03c4\u03ac"},"schema":{"@context":"https:\/\/schema.org","@graph":[{"@type":"WebPage","@id":"https:\/\/www.fabricaathens.gr\/teamwork\/members\/","url":"https:\/\/www.fabricaathens.gr\/teamwork\/members\/","name":"MEMBERS - \u03a0\u03bf\u03bb\u03c5\u03b4\u03c1\u03b1\u03c3\u03c4\u03b9\u03ba\u03ae \u039f\u03bc\u03ac\u03b4\u03b1 \u03a4\u03ad\u03c7\u03bd\u03b7\u03c2 Fabrica Athens","isPartOf":{"@id":"https:\/\/www.fabricaathens.gr\/teamwork\/#website"},"datePublished":"2017-03-08T15:19:48+00:00","dateModified":"2023-08-08T14:38:45+00:00","breadcrumb":{"@id":"https:\/\/www.fabricaathens.gr\/teamwork\/members\/#breadcrumb"},"inLanguage":"el","potentialAction":[{"@type":"ReadAction","target":["https:\/\/www.fabricaathens.gr\/teamwork\/members\/"]}]},{"@type":"BreadcrumbList","@id":"https:\/\/www.fabricaathens.gr\/teamwork\/members\/#breadcrumb","itemListElement":[{"@type":"ListItem","position":1,"name":"Home","item":"https:\/\/www.fabricaathens.gr\/teamwork\/team\/"},{"@type":"ListItem","position":2,"name":"MEMBERS"}]},{"@type":"WebSite","@id":"https:\/\/www.fabricaathens.gr\/teamwork\/#website","url":"https:\/\/www.fabricaathens.gr\/teamwork\/","name":"\u03a0\u03bf\u03bb\u03c5\u03b4\u03c1\u03b1\u03c3\u03c4\u03b9\u03ba\u03ae \u039f\u03bc\u03ac\u03b4\u03b1 \u03a4\u03ad\u03c7\u03bd\u03b7\u03c2 Fabrica Athens","description":"\u03bc\u03b5 \u039a\u03af\u03bd\u03b7\u03c4\u03c1\u03bf \u03c4\u03b7 \u0394\u03b7\u03bc\u03b9\u03bf\u03c5\u03c1\u03b3\u03af\u03b1","potentialAction":[{"@type":"SearchAction","target":{"@type":"EntryPoint","urlTemplate":"https:\/\/www.fabricaathens.gr\/teamwork\/?s={search_term_string}"},"query-input":{"@type":"PropertyValueSpecification","valueRequired":true,"valueName":"search_term_string"}}],"inLanguage":"el"}]}},"_links":{"self":[{"href":"https:\/\/www.fabricaathens.gr\/teamwork\/wp-json\/wp\/v2\/pages\/509","targetHints":{"allow":["GET"]}}],"collection":[{"href":"https:\/\/www.fabricaathens.gr\/teamwork\/wp-json\/wp\/v2\/pages"}],"about":[{"href":"https:\/\/www.fabricaathens.gr\/teamwork\/wp-json\/wp\/v2\/types\/page"}],"author":[{"embeddable":true,"href":"https:\/\/www.fabricaathens.gr\/teamwork\/wp-json\/wp\/v2\/users\/1"}],"replies":[{"embeddable":true,"href":"https:\/\/www.fabricaathens.gr\/teamwork\/wp-json\/wp\/v2\/comments?post=509"}],"version-history":[{"count":11,"href":"https:\/\/www.fabricaathens.gr\/teamwork\/wp-json\/wp\/v2\/pages\/509\/revisions"}],"predecessor-version":[{"id":2156,"href":"https:\/\/www.fabricaathens.gr\/teamwork\/wp-json\/wp\/v2\/pages\/509\/revisions\/2156"}],"wp:attachment":[{"href":"https:\/\/www.fabricaathens.gr\/teamwork\/wp-json\/wp\/v2\/media?parent=509"}],"curies":[{"name":"wp","href":"https:\/\/api.w.org\/{rel}","templated":true}]}}